942 + 45942. Calculate f(u).
2
Let v(x) = 3*x**2 - 9*x + 19. Let o be v(3). Let s(z) = 9*z**2 - 5 - z + 9*z**2 - 7*z - o*z**2. Determine s(-6).
7
Let a = 1791 + -1787. Let s(c) = 14*c - 18. Determine s(a).
38
Let f(q) = -q**3 - 7*q**2 - 5*q - 8. Suppose 5*i - 2*i + 3 = 0. Let t = 3 + i. Suppose t*h + a + 37 = 6*a, 3*h + a + 13 = 0. Give f(h).
-14
Let d(s) be the second derivative of -s**4/12 - s**3/2 - s**2 + 29*s. Suppose 5*l + 42 = -4*z + 29, -z + 2 = -4*l. Calculate d(z).
0
Let l(f) = -22*f**2 - 10*f. Let v(o) = 51*o**2 + 23*o + 1. Let y(s) = 7*l(s) + 3*v(s). Give y(-3).
-3
Let q(z) = -7*z + 6524 - 6524 + z. Suppose 5*n = 18 + 7. Calculate q(n).
-30
Let i = -151 - -104. Let l = -45 - i. Suppose 3*a + l*a - 33 = -4*k, 4*a + 2*k = 24. Let v(o) = o**3 - 6*o**2 + 6*o + 3. What is v(a)?
8
Let g be (-5 + 105/60)*4. Let d(m) = -m**2 - 15*m - 14. Determine d(g).
12
Let c(l) = -l**3 - 6*l**2 - 10*l - 40. Let y = -282 - -277. What is c(y)?
-15
Let j(s) = 12*s - 2*s**2 + 219 - 159 - 84. Determine j(10).
-104
Let y(m) = 43*m - 21. Let i(a) = -40*a + 31. Let w(j) = -7*i(j) - 6*y(j). Determine w(4).
-3
Let b(c) = 3*c**3 + c**2 + 3. Let o(z) = z**2 + 31*z - 105. Let d be o(-34). Determine b(d).
-69
Suppose -2*o + 6*o = 16. Let w(a) be the third derivative of -a**4/12 + a**3/3 - 2*a**2 + 22*a - 10. What is w(o)?
-6
Let o(h) = -15*h**2 + 3. Let x(l) = -44*l**2 + 8. Let d(b) = 8*o(b) - 3*x(b). Suppose 4*g + 18 = -s, 3*s - 43 = 4*g - 17. Let r = -3 + s. Determine d(r).
12
Let p(s) = -s. Let o be (-4 - (-110)/25)*-5*3. Calculate p(o).
6
Let t(m) be the second derivative of -12*m**2 - 1/20*m**5 + 0*m**3 + 0*m**4 + 0 - 263*m. What is t(0)?
-24
Suppose 0 = -j + 4*j - 6. Suppose -4*z + 12 = -j*z. Let g(r) = -r**2 + 179*r - z - 84*r - 87*r. Determine g(4).
10
Suppose 3*z - 5 = 4*u + 15, 3*u = -15. Let b(v) = 164*v - 2 - 1 - 402*v + 240*v + 0 + 1. Give b(z).
-2
Suppose 0 = -2*y, -70 = -3*k + 3*y - 55. Let u(r) = 12*r - 68. Calculate u(k).
-8
Suppose -12*s - 4*m = -88, 2*s - 5*m + 9 = 35. Let v(a) = a**3 - 7*a**2 - 8*a - 3. Calculate v(s).
-3
Let c(i) = -i**3 - 9*i**2 - 19*i - 34. Suppose 0 = 62*v - 5*v - 221 + 620. What is c(v)?
1
Let n = -44 - -50. Let h(t) = -2*t + 6 + 3*t - n. Calculate h(-6).
-6
Let f(w) = 4*w**2 + 62*w - 8. Let o(q) = 10*q - 2. Let j(i) = f(i) - 6*o(i). Determine j(-2).
16
Let m(r) = 24 - 5*r**2 - 2133*r - 2138*r + 6400*r - 2134*r + r**3 - r**2. Determine m(6).
-6
Suppose -3*n = 2*o + 9, -o = -n + 1 - 4. Let b(s) = o*s - s + 1546 - 1550. Give b(-8).
4
Suppose -117*j = -120*j + 9. Let n(a) = 2*a**3 - 5*a**2 - 4*a + 20. Calculate n(j).
17
Let c(b) be the first derivative of b**3/3 - 5*b**2/2 - 5*b - 2. Let u(f) = 10*f**2 - 27*f - 3. Let w(q) = 3*q - 9. Let j be w(4). Let h be u(j). What is c(h)?
1
Let l(x) be the second derivative of -x**3/6 - 3*x**2 - 507*x. What is l(-3)?
-3
Let d(j) = j**2 - 41*j + 447. Let z be d(21). Let s(r) = r**3 - 25*r**2 - 54*r - 21. Determine s(z).
-21
Let f(u) = 6*u**2 - u - 1. Let c be 3 + (-2)/(4*3/(-60)). Suppose c*p = 256 - 269. What is f(p)?
6
Let k(z) be the second derivative of z**7/2520 + z**6/240 + z**5/120 - 7*z**4/6 - z**3/3 + 92*z. Let i(a) be the third derivative of k(a). Determine i(-5).
11
Let w(j) = -5*j + 1. Suppose 5*r = 5*p + 20, -4*p + 2*p = 3*r - 7. Let t be -2 + 7 + -8 - p. Calculate w(t).
11
Let k(f) be the third derivative of f**6/120 + f**5/30 - f**4/8 + f**3/2 + 1957*f**2. Determine k(-3).
3
Let z(i) = i**2 + 4*i + 2 - 7 - 1. Let m be z(-6). Let g(v) be the first derivative of v**3/3 - 3*v**2 - 3*v + 323372. What is g(m)?
-3
Let b = -104 - -106. Let t(r) = 3*r - 47*r**2 + 29*r**b + r**3 - 1 + 5*r + 26*r**2. Determine t(-6).
23
Let i(a) = a. Let t(r) = -3*r**3 - 22*r**2 + 11*r + 14. Let f be t(-8). Let z be -7 - (-9 + f/9). Calculate i(z).
-4
Let f(a) = -2*a**2 + 6*a**2 - 473*a - 2*a**2 + 479*a - 3*a**2 - 2. Suppose -z = 4*y - 24, 0 = -4*z + 2*y + 1 + 5. What is f(z)?
6
Let u(s) = 9*s + 7. Let a(x) be the third derivative of 7*x**4/12 + 11*x**3/6 + 4*x**2 + 4*x. Let k(h) = 5*a(h) - 8*u(h). Give k(6).
-13
Let z = -2 - 0. Let j(d) = d**3 - 3*d - 2. Let t be j(z). Let r(o) be the third derivative of -o**4/24 - 5*o**3/6 - 152*o**2 + 8*o - 5. Calculate r(t).
-1
Let o(z) = 2*z + 283. Let x(u) = -30*u - 3950. Let k(m) = 85*o(m) + 6*x(m). Determine k(35).
5
Let x(k) be the third derivative of -k**4/24 + k**3/3 - 2378*k**2. What is x(3)?
-1
Suppose 0 = 4*p + 71 - 75, -4*d + 2*p - 22 = 0. Let o(k) = k - 8. Determine o(d).
-13
Let u(j) = -j**2 - 4*j + 165. Let f(a) = a**3 + 96*a**2 + 187*a - 82. Let q be f(-94). Calculate u(q).
-27
Let q(l) = -3*l - 5*l**2 - 2*l + 0*l**2 + 4*l**2. Let o = -25 - 29. Let b = o - -50. What is q(b)?
4
Suppose -9 = -2*z + 55. Let w = -37 + z. Let f be 23/w - (-36)/60. Let q(l) = l**2 - l - 3. What is q(f)?
17
Let l(d) = -4*d - 71. Suppose -962 = -153*j - 3869. Calculate l(j).
5
Let x be (-36903)/(-27) - ((-2)/9 - 0). Let i(z) = 1373*z + 3 - x*z - 2. What is i(2)?
13
Let i(o) = o**2 + 18*o + 36. Let t be ((-91)/(-117) - 4/(-18))/((-4)/8). What is i(t)?
4
Let o(t) = 2*t + 1. Suppose 0 = 4*j - 3 - 5, j - 32 = -5*i. Suppose -2*g - p - 1 = -i, 5*p = 4*g + 11. Suppose g = x + 2. Give o(x).
-1
Let n(k) = 2*k**2 - 9*k + 12. Let l = -62 - -64. Let w be n(l). Let b(h) = 6*h - 34*h**2 + w*h - 2 + 33*h**2. What is b(8)?
-2
Let o(z) = 41*z - 123. Let r be o(3). Let n(x) be the second derivative of -3/10*x**5 - 1/2*x**2 + 32*x + r*x**4 + 0 + 1/3*x**3. What is n(1)?
-5
Let j(c) be the first derivative of -8*c - c**2 + 1/12*c**4 + 13 + 3/2*c**3. Let d(g) be the first derivative of j(g). Give d(-8).
-10
Let r(v) = 4*v + 6. Let x(z) = -3*z**2 + 21*z + 44. Let p(c) = -4*r(c) + x(c). Calculate p(7).
-92
Let p(k) = 21*k. Let l(h) = 17*h. Let n(g) = 220*g. Let m(c) = 77*l(c) - 6*n(c). Let d(r) = 7*m(r) + 4*p(r). What is d(5)?
35
Suppose -5*d - 102 = -2*c, -98*c = 4*d - 101*c + 83. Let x(k) = k**3 + 19*k**2 - 20*k - 11. Calculate x(d).
-11
Let q(l) = 5*l**2 - 2*l - 1. Let n(a) = 12*a**2 - 5*a - 3. Let t(g) = 2*n(g) - 5*q(g). Let b = 17 + -16. Let w = -4 + b. Determine t(w).
-10
Let g = 2772 - 2766. Let j(q) = -q - 2*q + q**3 - 5*q**2 + 7 + 0*q**2 - q**2. Determine j(g).
-11
Let k(h) = -10*h**2 - 27*h + 24*h + 11*h**2. Let i(l) = -2*l**2 + 17*l - 1. Let t(s) = i(s) + 5*k(s). Determine t(1).
4
Let d(p) be the second derivative of p**8/6720 - p**6/360 - p**5/120 - p**4/12 + 89*p**3/6 + 13*p - 6. Let z(y) be the third derivative of d(y). What is z(-3)?
-22
Let j(q) = 13*q**3 - 122*q**2 - 6*q - 112. Let v(g) = -8*g**3 + 80*g**2 + 4*g + 74. Let u(c) = 5*j(c) + 8*v(c). What is u(-30)?
-28
Let q(n) = n**2 + 2*n - 1. Suppose 91*g + 348 = -16. Give q(g).
7
Let q = 757 - 430. Let i be (-3)/8 - q/24. Let m be (-86)/i - (-11)/(-77). Let h(n) = -n**2 + 4*n + 8. Give h(m).
-4
Let s(d) = d**3 + d**2 - d + 50. Let v be s(0). Let n = 55 - v. Let o(g) = 6*g + 4. Let z(i) = -5*i - 2. Let c(r) = n*z(r) + 4*o(r). Give c(7).
-1
Let b = -42 + 31. Let z(y) = -y**2 + 4*y - 6. Let x(o) = -6*o**2 + 19*o - 31. Let h(c) = b*z(c) + 2*x(c). What is h(-5)?
9
Let q(w) = -5*w - 7. Let d be (-3)/(4/((-48)/(-4))). Let r(s) = 11*s + 13. Let p(y) = d*q(y) - 4*r(y). Let h be 0/(6 - (2 + (-4)/(-4))). Determine p(h).
11
Let k = -61081/2 - -30541. Let r(w) be the third derivative of -1/120*w**6 - 1/12*w**4 - 2/15*w**5 - 39*w**2 + 0 + 0*w - k*w**3. Calculate r(-8).
13
Let y be (-1)/(-4) + 9/12. Let n(b) = -5*b + 6*b + 8*b - 10*b + 2 + 5*b. Determine n(y).
6
Let h(x) = -4*x**3 - 27*x**2 + 6*x + 3. Suppose 4*y - 2*y - r + 18 = 0, -2*r = -8. Let p be h(y). Let j(l) = l - 7. What is j(p)?
3
Suppose -2*z - 125541 = -15*z. Let i(k) = 5 - 9660*k - 8*k**2 - k**3 + z*k + 3. Determine i(-7).
-20
Let o(g) = -g**2 + 13*g + 1. Let y(w) = w**3 + 5*w**2 + 30*w - 141. Let j be y(3). Determine o(j).
-167
Let m(c) = -4*c**2 - 18*c + 3. Let y = -4840 + 4836. Calculate m(y).
11
Let p(u) be the second derivative of u**4/6 - 3*u**3/2 - u**2/2 - 1092*u. Give p(5).
4
Let d(m) = 20*m**2 - 1. Suppose -5*o - 131 = 4*b, 4*b = 6*b + o + 61. Suppose -2*x = -i + 11 + 42, 0 = 4*x - 5*i + 97. Let u = x - b. What is d(u)?
19
Let h(u) be the first derivative of u**5/20 - 7*u**4/12 - u**3/6 + 2*u**2 + 34*u + 41. Let f(b) be the first derivative of h(b). Calculate f(7).
-3